y) = -34*y + 1. Let p be (6/(-9))/((-2)/3). Suppose -i = 4*k + p, 0 = i - 3*i - k - 16. Is d(i) prime?
True
Let l(h) = -h**3 + h**2. Let c be l(1). Let m be c + (-3 + 7 - 4). Is (-1 - m)/(3/(-447)) a prime number?
True
Let u(b) = 131*b**3 - 5*b**2 + 27*b + 2. Is u(7) prime?
True
Suppose -279443 = -948*i + 947*i. Is i a prime number?
True
Suppose -162*i + 149*i + 82303 = 0. Is i composite?
True
Let x(n) = -3*n**2 + 15*n**2 + 5 - 3*n - 9 + 2. Is x(-1) prime?
True
Let a = -34 - -37. Suppose -i = -5*v + 25, -8*i + 3*v - 15 = -a*i. Is i/15 - (-2818)/2 composite?
False
Suppose -o + 951 = 2*o + 3*c, 0 = 4*o + 5*c - 1270. Let w = -82 + o. Is w a prime number?
True
Let s(p) be the second derivative of 14*p**3/3 - 17*p**2/2 - p. Let k be (-7)/2 - (-924)/88. Is s(k) prime?
True
Let j(l) = 19*l**2 - 120*l + 21. Is j(-32) composite?
True
Suppose -t + 8540 = -2*r - 1759, -2*r - 10 = 0. Is t a composite number?
False
Suppose 1024 = 4*q + 176. Suppose -3*g + q = g. Is g a composite number?
False
Let h(s) = s**3 - 4*s**2 - 5*s - 2. Let m be h(3). Let z = 281 - m. Is z prime?
True
Suppose -30*w - 15102 = -48*w. Is w composite?
False
Suppose 11 + 9 = 4*p. Let z(n) = 3*n**3 + n**2 - 6*n - 5. Is z(p) prime?
False
Suppose -4790 + 46511 = 3*q. Is q a prime number?
True
Let d(s) = -5*s**3 - 2*s**2 - 2*s - 7. Let y be 30/(-12)*(-8)/(-5). Is d(y) prime?
False
Let x(c) = -23*c**3 - 12*c**2 - c + 1. Let w(s) = 11*s**3 + 6*s**2. Let b(j) = 13*w(j) + 6*x(j). Is b(5) composite?
False
Let g = 1355 - 884. Is g a prime number?
False
Suppose -3*g + 12 = g. Is 2 + -5 + g - (-2546)/2 composite?
True
Is ((-254730)/(-84))/((-1)/(-2)) a prime number?
False
Let j(y) = -3*y**3 - 6*y**2 - 26*y + 25. Is j(-12) prime?
True
Suppose 0 = -3*b - 2*i + 1248, 0*i + 416 = b - i. Let p = 51 + b. Is p a composite number?
False
Suppose x + 143 = 12*x. Suppose -11*p - 1582 = -x*p. Is p a composite number?
True
Let n(s) = s**2 - 10*s + 5. Let r be n(10). Suppose 3083 - 148 = r*y. Is y a prime number?
True
Let s = 46 + -70. Let z = s - -38. Let i(n) = 4*n**2 + 5*n - 15. Is i(z) a prime number?
True
Let m = -28 + 17. Let k(b) = b**2 + 11*b + 4. Let q be k(m). Suppose -9 = -5*p - q*d + 162, -p - 4*d = -47. Is p prime?
True
Suppose 0 = -4*u + 5*l + 4507, 3*u - 2*l - 3199 = 176. Is u composite?
False
Let t be (-4)/(-8)*(-32)/2. Let n be (-2)/(-8) - (-2226)/t. Let x = n - -487. Is x composite?
True
Suppose 6*p = 2*p + 388. Suppose -d + 832 = -p. Is d a prime number?
True
Is 6295*((-64)/96 + (-10)/(-6)) composite?
True
Suppose 2*r - 6*r + 107881 = 3*g, -2*g = -5*r + 134857. Is r composite?
True
Let y(v) = v**3 + 10*v**2 + 4*v + 6. Let m be y(-4). Suppose -m - 79 = 5*d. Is (-1)/3 - 41030/d a prime number?
False
Suppose -6*p - 525 = -11*p. Is (-163)/(-3*5/p) a prime number?
False
Let b(z) = 156*z**3 + 2*z**2 + z - 3. Is b(2) composite?
True
Let s = 3133 - 1332. Is s a composite number?
False
Let q(s) = 96*s - 5. Let o be q(-2). Let d = -15 + 41. Let z = d - o. Is z a prime number?
True
Let j(a) = -7*a**2 + 21*a - 18. Let t be j(16). Let i = t - -3575. Is i prime?
False
Suppose 0 = -x - a + 337, -x + 2*a - 4*a = -337. Let d = x - 63. Is d a composite number?
True
Suppose a = -5 + 2. Let q(r) = 100*r**2 + 3*r - 2. Is q(a) a prime number?
False
Let t(z) = 2*z**3 - 71*z**2 - 23*z + 163. Is t(48) a prime number?
True
Suppose 3*u = -2*u. Suppose 2*o = -0*o - 4, u = 4*k - 3*o - 26. Suppose -j + 876 = 3*p, 0 = 3*p - k*j - 762 - 132. Is p composite?
False
Suppose 0 = -22*w + 28*w - 30. Suppose -w*q + 0*q + 7055 = 0. Is q a composite number?
True
Suppose -13*v + 106558 = -6035. Is v a prime number?
False
Suppose v + 470 = 5*l + 8845, -3*l = 3*v + 5025. Is l/(-4) + (-3)/(-12) composite?
False
Let j(y) = -91494*y**3 + 6*y + 5. Is j(-1) prime?
True
Let h = 1130 - 397. Let i(y) = 2*y + 13. Let d be i(-5). Suppose 0*w - 5*v = 4*w - 936, h = d*w - 4*v. Is w a composite number?
False
Let s be (-16)/28 + 405/35. Let n(y) = 3*y**2 - 22. Is n(s) a prime number?
False
Let q = 11271 - -13511. Is q composite?
True
Let s(k) = -k**3 - 17*k**2 + 10*k + 6. Let g be s(-21). Let p = g - 481. Is p a prime number?
False
Suppose 0 = -t - 3*t - 12. Let i(g) = -13*g**3 + g**2 - 6*g - 5. Is i(t) prime?
True
Suppose 5*c - 24 = -3*n - 7, -3*c + 14 = -2*n. Suppose 2*p + 0*o - 8 = -4*o, -5*p + 3*o = -7. Suppose d = -p*h + 103, -c*d + 459 = d - 4*h. Is d composite?
True
Let p be -3 + 4/(8/6). Suppose 0*w + 3*w - 6 = p. Suppose 3*k = -v + 2*v + 342, k = w*v + 119. Is k prime?
True
Suppose 0 = -w + 2*w - 756. Suppose 0 = -3*o - 2*o - n + 1280, 3*o + 3*n - w = 0. Is o composite?
False
Suppose 0 = 8*i - 288753 + 15241. Is i a composite number?
True
Let h(f) = f**2 - 3*f - 7. Let p be h(-2). Suppose p*c - 996 = -2*w, -2*c - 136 = -w + 369. Is w prime?
False
Suppose i - 10 = -4*i. Suppose -3*j = -i*a + 1279, j - 2543 = -4*a + 2*j. Is a prime?
False
Is 10075 + 2 - (12 + -14) a composite number?
False
Suppose -579*o + 584*o = 12055. Is o a prime number?
True
Let a = 216 + 111. Suppose -t + 4*y - a = -2*t, -t - 3*y = -329. Is t prime?
False
Suppose -l + 3*l = -4*a - 26, a + 65 = -5*l. Is 746 - -2 - (l + 16) a composite number?
True
Suppose 0 = -0*d + 2*d. Suppose d*y + 5*w = 4*y - 3, -3*w + 1 = -y. Suppose -j - 94 = -y*j. Is j a prime number?
False
Is 5/10*-16 - -49063 composite?
True
Suppose 0 = -13*y + 355968 + 180529. Is y composite?
False
Suppose 4*r - 5728 = -4*o - 1320, 3*r = -5*o + 5504. Suppose -o = 3*a - 3022. Is a a prime number?
True
Let z = 93 + -57. Suppose -34*q + z*q = 106. Is q a prime number?
True
Let i(t) = t**3 - 7*t**2 - 8*t - 6. Let g be i(8). Let u(w) be the second derivative of -43*w**3/6 - 7*w**2/2 - 35*w. Is u(g) prime?
True
Let c(i) be the second derivative of 31*i**3/2 + 4*i**2 + 7*i. Is c(5) composite?
True
Suppose 3*z - 3*w - 31680 = 0, 4 - 5 = w. Is z a composite number?
False
Let a be -3*(4/(-6) + 0). Let z(s) = -2 - 2*s - 13*s**a + 8*s**2 + 8*s**2. Is z(4) prime?
False
Suppose -5*v + v = 2204. Let k = v - -857. Suppose 5*a = -4*w + 753, 2*a + 3*w = -w + k. Is a prime?
True
Suppose 0 = -3*x - x - 3*f + 15923, -2*f + 10 = 0. Is x a prime number?
False
Let k(z) = z**3 + z**2 + 3*z + 1391. Let n be k(0). Suppose 3*q - 232 = n. Is q a prime number?
True
Suppose 2*q = -0*q. Suppose -3*w + 0*w + 9 = 0. Suppose q*x + 8 = 2*x, 0 = d - w*x - 73. Is d prime?
False
Let c(p) = 15*p - 27. Let k(z) be the third derivative of 7*z**4/24 - 7*z**3/3 - 6*z**2. Let w(s) = 3*c(s) - 5*k(s). Is w(5) a prime number?
False
Let k(c) = 12*c**3 + 16*c**2 + 26*c - 41. Is k(15) prime?
True
Suppose 0 = -21*u - 3100 + 14671. Is u prime?
False
Suppose 8*w - 58955 = -5*w. Is w a composite number?
True
Let w(l) = -3*l**3 - 6 + 8*l**3 + 12*l - 3 - 4*l**3 + 14*l**2. Let h be w(-13). Suppose -z + 363 = 2*f, -5*f + 870 = -z - h*z. Is f prime?
True
Let b = 645332 + -450079. Is b composite?
False
Suppose -3*b + 44344 = b + 5*u, -b + 2*u = -11073. Is b a prime number?
False
Let l = -45 + 6154. Is l prime?
False
Let l be (1 + -2)*3/(-1). Let b(y) = 10*y + 1. Let w be b(1). Suppose -4*q - 3*o + 41 = 0, -q + 18 = -l*o - w. Is q prime?
False
Let u be (1 - 979)/(12 + -13). Suppose -5*i + 3*i = -u. Is i a prime number?
False
Suppose -3*h = 5*y + 126707 + 78653, -4*h - 123205 = 3*y. Is -1*1/4 + y/(-124) prime?
True
Is 426553/4 + 35/20 + -3 prime?
True
Let f(v) = v**2 + 8*v - 6. Let a be f(-9). Suppose -a*x - 2 = -8. Suppose 0 = x*s - 5 - 9. Is s a composite number?
False
Suppose -p - 74 + 4697 = 4*u, -5*u = 4*p - 18514. Is p a composite number?
True
Let f(w) = w**3 + 13*w**2 + 11*w - 6. Let z be f(-10). Let d(g) = 5*g + 13. Let v be d(-14). Let m = z + v. Is m a composite number?
False
Let w be 4/18 - 824/(-18). Is (w/(-4))/(415/70 - 6) a composite number?
True
Let l(a) = -a**2 - 17*a - 12. Let k be l(-16). Suppose 2*q + 75 - 2217 = -k*g, 0 = -2*q + 4*g + 2126. Is q a composite number?
True
Let u(f) = -16*f + f**2 - 5*f**2 - 4 + 3*f**2. Is u(-7) prime?
True
Suppose 0*r + 0*r = 4*r. Suppose c + r*c + 2600 = 5*n, 2*c = 10. Is n composite?
False
Let d be (-887 - 3)*(-16)/2. Suppose 4*r + 4*n = 6244, -4*r = 5*n - d + 876. Is r a composite number?
True
Let d(u) = -u**3 - 21*u**2 - 12*u - 15. Let l(h) = h**2 + 12*h + 14. Let s be l(-7). Is d(s) a composite number?
True
Let f